{"id":70,"date":"2020-07-20T20:35:20","date_gmt":"2020-07-20T18:35:20","guid":{"rendered":"http:\/\/ets-solbreux.be\/?page_id=70"},"modified":"2021-08-18T20:51:04","modified_gmt":"2021-08-18T18:51:04","slug":"installations-electriques","status":"publish","type":"page","link":"https:\/\/www.ets-solbreux.be\/index.php\/installations-electriques\/","title":{"rendered":"Installation \u00e9lectrique"},"content":{"rendered":"\t\t<div data-elementor-type=\"wp-page\" data-elementor-id=\"70\" class=\"elementor elementor-70\" data-elementor-settings=\"[]\">\n\t\t\t\t\t\t<div class=\"elementor-inner\">\n\t\t\t\t\t\t\t<div class=\"elementor-section-wrap\">\n\t\t\t\t\t\t\t<section class=\"elementor-section elementor-top-section elementor-element elementor-element-6a13fda3 elementor-section-boxed elementor-section-height-default elementor-section-height-default\" data-id=\"6a13fda3\" data-element_type=\"section\">\n\t\t\t\t\t\t<div class=\"elementor-container elementor-column-gap-default\">\n\t\t\t\t\t\t\t<div class=\"elementor-row\">\n\t\t\t\t\t<div class=\"elementor-column elementor-col-100 elementor-top-column elementor-element elementor-element-44e07d6a\" data-id=\"44e07d6a\" data-element_type=\"column\">\n\t\t\t<div class=\"elementor-column-wrap elementor-element-populated\">\n\t\t\t\t\t\t\t<div class=\"elementor-widget-wrap\">\n\t\t\t\t\t\t<div class=\"elementor-element elementor-element-b79afe8 elementor-widget elementor-widget-text-editor\" data-id=\"b79afe8\" data-element_type=\"widget\" data-widget_type=\"text-editor.default\">\n\t\t\t\t<div class=\"elementor-widget-container\">\n\t\t\t\t\t\t\t\t<div class=\"elementor-text-editor elementor-clearfix\">\n\t\t\t\t<h4 style=\"text-align: center;\"><span style=\"color: #000000;\">Nous intervenons pour des travaux d&rsquo;\u00e9lectricit\u00e9. Vous pouvez visualiser plusieurs r\u00e9alisations effectu\u00e9es par nos soins. <br>N&rsquo;h\u00e9sitez pas \u00e0 <span style=\"text-decoration: underline;\"><strong><a href=\"https:\/\/www.ets-solbreux.be\/index.php\/contact\/\">nous contacter<\/a><\/strong><\/span> pour vos travaux d&rsquo;\u00e9lectricit\u00e9.<\/span><\/h4>\t\t\t\t\t<\/div>\n\t\t\t\t\t\t<\/div>\n\t\t\t\t<\/div>\n\t\t\t\t<div class=\"elementor-element elementor-element-cef1050 elementor-widget-divider--view-line elementor-widget elementor-widget-divider\" data-id=\"cef1050\" data-element_type=\"widget\" data-widget_type=\"divider.default\">\n\t\t\t\t<div class=\"elementor-widget-container\">\n\t\t\t\t\t<div class=\"elementor-divider\">\n\t\t\t<span class=\"elementor-divider-separator\">\n\t\t\t\t\t\t<\/span>\n\t\t<\/div>\n\t\t\t\t<\/div>\n\t\t\t\t<\/div>\n\t\t\t\t<div class=\"elementor-element elementor-element-6177bcb3 elementor-widget elementor-widget-text-editor\" data-id=\"6177bcb3\" data-element_type=\"widget\" data-widget_type=\"text-editor.default\">\n\t\t\t\t<div class=\"elementor-widget-container\">\n\t\t\t\t\t\t\t\t<div class=\"elementor-text-editor elementor-clearfix\">\n\t\t\t\t<!-- wp:heading {\"align\":\"center\"} -->\n<h2 class=\"has-text-align-center\">R\u00e9novation : Ajout de plusieurs prises \u00e9lectriques, d&rsquo;une suspension et de 6 spots encastr\u00e9s avec variateur pour le coin d\u00e9tente<\/h2>\n<!-- \/wp:heading -->\n\n<!-- wp:imagely\/nextgen-gallery -->\n<!-- default-view.php -->\n<div\n\tclass=\"ngg-galleryoverview default-view \"\n\tid=\"ngg-gallery-07b4940e7838dff45951bb3d48f2474c-1\">\n\n\t\t<!-- Thumbnails -->\n\t\t\t\t<div id=\"ngg-image-0\" class=\"ngg-gallery-thumbnail-box \" >\n\t\t\t\t        <div class=\"ngg-gallery-thumbnail\">\n            <a href=\"https:\/\/www.ets-solbreux.be\/wp-content\/gallery\/electricite-renovation-points-lumineux-prises\/20200925_173604-min.jpg\"\n               title=\"\"\n               data-src=\"https:\/\/www.ets-solbreux.be\/wp-content\/gallery\/electricite-renovation-points-lumineux-prises\/20200925_173604-min.jpg\"\n               data-thumbnail=\"https:\/\/www.ets-solbreux.be\/wp-content\/gallery\/electricite-renovation-points-lumineux-prises\/thumbs\/thumbs_20200925_173604-min.jpg\"\n               data-image-id=\"41\"\n               data-title=\"20200925_173604-min\"\n               data-description=\"\"\n               data-image-slug=\"20200925_173604-min\"\n               class=\"ngg-simplelightbox\" rel=\"07b4940e7838dff45951bb3d48f2474c\">\n                <img loading=\"lazy\"\n                    title=\"20200925_173604-min\"\n                    alt=\"20200925_173604-min\"\n                    src=\"https:\/\/www.ets-solbreux.be\/wp-content\/gallery\/electricite-renovation-points-lumineux-prises\/thumbs\/thumbs_20200925_173604-min.jpg\"\n                    width=\"240\"\n                    height=\"160\"\n                    style=\"max-width:100%;\"\n                \/>\n            <\/a>\n        <\/div>\n\t\t\t\t\t\t\t<\/div> \n\t\t\t\n\t\t\t\t<div id=\"ngg-image-1\" class=\"ngg-gallery-thumbnail-box \" >\n\t\t\t\t        <div class=\"ngg-gallery-thumbnail\">\n            <a href=\"https:\/\/www.ets-solbreux.be\/wp-content\/gallery\/electricite-renovation-points-lumineux-prises\/20200925_184635-min.jpg\"\n               title=\"\"\n               data-src=\"https:\/\/www.ets-solbreux.be\/wp-content\/gallery\/electricite-renovation-points-lumineux-prises\/20200925_184635-min.jpg\"\n               data-thumbnail=\"https:\/\/www.ets-solbreux.be\/wp-content\/gallery\/electricite-renovation-points-lumineux-prises\/thumbs\/thumbs_20200925_184635-min.jpg\"\n               data-image-id=\"43\"\n               data-title=\"20200925_184635-min\"\n               data-description=\"\"\n               data-image-slug=\"20200925_184635-min\"\n               class=\"ngg-simplelightbox\" rel=\"07b4940e7838dff45951bb3d48f2474c\">\n                <img loading=\"lazy\"\n                    title=\"20200925_184635-min\"\n                    alt=\"20200925_184635-min\"\n                    src=\"https:\/\/www.ets-solbreux.be\/wp-content\/gallery\/electricite-renovation-points-lumineux-prises\/thumbs\/thumbs_20200925_184635-min.jpg\"\n                    width=\"240\"\n                    height=\"160\"\n                    style=\"max-width:100%;\"\n                \/>\n            <\/a>\n        <\/div>\n\t\t\t\t\t\t\t<\/div> \n\t\t\t\n\t\t\t\t<div id=\"ngg-image-2\" class=\"ngg-gallery-thumbnail-box \" >\n\t\t\t\t        <div class=\"ngg-gallery-thumbnail\">\n            <a href=\"https:\/\/www.ets-solbreux.be\/wp-content\/gallery\/electricite-renovation-points-lumineux-prises\/20200925_184630-min.jpg\"\n               title=\"\"\n               data-src=\"https:\/\/www.ets-solbreux.be\/wp-content\/gallery\/electricite-renovation-points-lumineux-prises\/20200925_184630-min.jpg\"\n               data-thumbnail=\"https:\/\/www.ets-solbreux.be\/wp-content\/gallery\/electricite-renovation-points-lumineux-prises\/thumbs\/thumbs_20200925_184630-min.jpg\"\n               data-image-id=\"42\"\n               data-title=\"20200925_184630-min\"\n               data-description=\"\"\n               data-image-slug=\"20200925_184630-min\"\n               class=\"ngg-simplelightbox\" rel=\"07b4940e7838dff45951bb3d48f2474c\">\n                <img loading=\"lazy\"\n                    title=\"20200925_184630-min\"\n                    alt=\"20200925_184630-min\"\n                    src=\"https:\/\/www.ets-solbreux.be\/wp-content\/gallery\/electricite-renovation-points-lumineux-prises\/thumbs\/thumbs_20200925_184630-min.jpg\"\n                    width=\"240\"\n                    height=\"160\"\n                    style=\"max-width:100%;\"\n                \/>\n            <\/a>\n        <\/div>\n\t\t\t\t\t\t\t<\/div> \n\t\t\t\n\t\t\t\t<div id=\"ngg-image-3\" class=\"ngg-gallery-thumbnail-box \" >\n\t\t\t\t        <div class=\"ngg-gallery-thumbnail\">\n            <a href=\"https:\/\/www.ets-solbreux.be\/wp-content\/gallery\/electricite-renovation-points-lumineux-prises\/20200925_184649-min.jpg\"\n               title=\"\"\n               data-src=\"https:\/\/www.ets-solbreux.be\/wp-content\/gallery\/electricite-renovation-points-lumineux-prises\/20200925_184649-min.jpg\"\n               data-thumbnail=\"https:\/\/www.ets-solbreux.be\/wp-content\/gallery\/electricite-renovation-points-lumineux-prises\/thumbs\/thumbs_20200925_184649-min.jpg\"\n               data-image-id=\"44\"\n               data-title=\"20200925_184649-min\"\n               data-description=\"\"\n               data-image-slug=\"20200925_184649-min\"\n               class=\"ngg-simplelightbox\" rel=\"07b4940e7838dff45951bb3d48f2474c\">\n                <img loading=\"lazy\"\n                    title=\"20200925_184649-min\"\n                    alt=\"20200925_184649-min\"\n                    src=\"https:\/\/www.ets-solbreux.be\/wp-content\/gallery\/electricite-renovation-points-lumineux-prises\/thumbs\/thumbs_20200925_184649-min.jpg\"\n                    width=\"240\"\n                    height=\"160\"\n                    style=\"max-width:100%;\"\n                \/>\n            <\/a>\n        <\/div>\n\t\t\t\t\t\t\t<\/div> \n\t\t\t\n\t\n\t<br style=\"clear: both\" \/>\n\n\t\n\t\t<!-- Pagination -->\n\t<div class='ngg-clear'><\/div>\t<\/div>\n\n<!-- \/wp:imagely\/nextgen-gallery -->\n\n<!-- wp:heading {\"align\":\"center\"} -->\n<h2 class=\"has-text-align-center\">Dalles LED pour un magasin<\/h2>\n<!-- \/wp:heading -->\n\n<!-- wp:imagely\/nextgen-gallery -->\n<!-- default-view.php -->\n<div\n\tclass=\"ngg-galleryoverview default-view \"\n\tid=\"ngg-gallery-d414fe7010d090c8c3e115168b50bbc3-1\">\n\n\t\t<!-- Thumbnails -->\n\t\t\t\t<div id=\"ngg-image-0\" class=\"ngg-gallery-thumbnail-box \" >\n\t\t\t\t        <div class=\"ngg-gallery-thumbnail\">\n            <a href=\"https:\/\/www.ets-solbreux.be\/wp-content\/gallery\/eclairage-dalle-magasin\/20190918_181240-min.jpg\"\n               title=\"\"\n               data-src=\"https:\/\/www.ets-solbreux.be\/wp-content\/gallery\/eclairage-dalle-magasin\/20190918_181240-min.jpg\"\n               data-thumbnail=\"https:\/\/www.ets-solbreux.be\/wp-content\/gallery\/eclairage-dalle-magasin\/thumbs\/thumbs_20190918_181240-min.jpg\"\n               data-image-id=\"22\"\n               data-title=\"20190918_181240-min\"\n               data-description=\"\"\n               data-image-slug=\"20190918_181240-min\"\n               class=\"ngg-simplelightbox\" rel=\"d414fe7010d090c8c3e115168b50bbc3\">\n                <img loading=\"lazy\"\n                    title=\"20190918_181240-min\"\n                    alt=\"20190918_181240-min\"\n                    src=\"https:\/\/www.ets-solbreux.be\/wp-content\/gallery\/eclairage-dalle-magasin\/thumbs\/thumbs_20190918_181240-min.jpg\"\n                    width=\"240\"\n                    height=\"160\"\n                    style=\"max-width:100%;\"\n                \/>\n            <\/a>\n        <\/div>\n\t\t\t\t\t\t\t<\/div> \n\t\t\t\n\t\t\t\t<div id=\"ngg-image-1\" class=\"ngg-gallery-thumbnail-box \" >\n\t\t\t\t        <div class=\"ngg-gallery-thumbnail\">\n            <a href=\"https:\/\/www.ets-solbreux.be\/wp-content\/gallery\/eclairage-dalle-magasin\/20190918_204738-min.jpg\"\n               title=\"\"\n               data-src=\"https:\/\/www.ets-solbreux.be\/wp-content\/gallery\/eclairage-dalle-magasin\/20190918_204738-min.jpg\"\n               data-thumbnail=\"https:\/\/www.ets-solbreux.be\/wp-content\/gallery\/eclairage-dalle-magasin\/thumbs\/thumbs_20190918_204738-min.jpg\"\n               data-image-id=\"23\"\n               data-title=\"20190918_204738-min\"\n               data-description=\"\"\n               data-image-slug=\"20190918_204738-min\"\n               class=\"ngg-simplelightbox\" rel=\"d414fe7010d090c8c3e115168b50bbc3\">\n                <img loading=\"lazy\"\n                    title=\"20190918_204738-min\"\n                    alt=\"20190918_204738-min\"\n                    src=\"https:\/\/www.ets-solbreux.be\/wp-content\/gallery\/eclairage-dalle-magasin\/thumbs\/thumbs_20190918_204738-min.jpg\"\n                    width=\"240\"\n                    height=\"160\"\n                    style=\"max-width:100%;\"\n                \/>\n            <\/a>\n        <\/div>\n\t\t\t\t\t\t\t<\/div> \n\t\t\t\n\t\n\t<br style=\"clear: both\" \/>\n\n\t\n\t\t<!-- Pagination -->\n\t<div class='ngg-clear'><\/div>\t<\/div>\n\n<!-- \/wp:imagely\/nextgen-gallery -->\n\n<!-- wp:heading {\"align\":\"center\"} -->\n<h2 class=\"has-text-align-center\">Installation et c\u00e2blage d&rsquo;un moteur pour porte de garage<\/h2>\n<!-- \/wp:heading -->\n\n<!-- wp:imagely\/nextgen-gallery -->\n<!-- default-view.php -->\n<div\n\tclass=\"ngg-galleryoverview default-view \"\n\tid=\"ngg-gallery-d33e2972b64153dae7d0e4d414f643ac-1\">\n\n\t\t<!-- Thumbnails -->\n\t\t\t\t<div id=\"ngg-image-0\" class=\"ngg-gallery-thumbnail-box \" >\n\t\t\t\t        <div class=\"ngg-gallery-thumbnail\">\n            <a href=\"https:\/\/www.ets-solbreux.be\/wp-content\/gallery\/moteur-porte-de-garage\/20200519_150854-min.jpg\"\n               title=\"\"\n               data-src=\"https:\/\/www.ets-solbreux.be\/wp-content\/gallery\/moteur-porte-de-garage\/20200519_150854-min.jpg\"\n               data-thumbnail=\"https:\/\/www.ets-solbreux.be\/wp-content\/gallery\/moteur-porte-de-garage\/thumbs\/thumbs_20200519_150854-min.jpg\"\n               data-image-id=\"24\"\n               data-title=\"20200519_150854-min\"\n               data-description=\"\"\n               data-image-slug=\"20200519_150854-min\"\n               class=\"ngg-simplelightbox\" rel=\"d33e2972b64153dae7d0e4d414f643ac\">\n                <img loading=\"lazy\"\n                    title=\"20200519_150854-min\"\n                    alt=\"20200519_150854-min\"\n                    src=\"https:\/\/www.ets-solbreux.be\/wp-content\/gallery\/moteur-porte-de-garage\/thumbs\/thumbs_20200519_150854-min.jpg\"\n                    width=\"240\"\n                    height=\"160\"\n                    style=\"max-width:100%;\"\n                \/>\n            <\/a>\n        <\/div>\n\t\t\t\t\t\t\t<\/div> \n\t\t\t\n\t\t\t\t<div id=\"ngg-image-1\" class=\"ngg-gallery-thumbnail-box \" >\n\t\t\t\t        <div class=\"ngg-gallery-thumbnail\">\n            <a href=\"https:\/\/www.ets-solbreux.be\/wp-content\/gallery\/moteur-porte-de-garage\/20200519_151053-min.jpg\"\n               title=\"\"\n               data-src=\"https:\/\/www.ets-solbreux.be\/wp-content\/gallery\/moteur-porte-de-garage\/20200519_151053-min.jpg\"\n               data-thumbnail=\"https:\/\/www.ets-solbreux.be\/wp-content\/gallery\/moteur-porte-de-garage\/thumbs\/thumbs_20200519_151053-min.jpg\"\n               data-image-id=\"25\"\n               data-title=\"20200519_151053-min\"\n               data-description=\"\"\n               data-image-slug=\"20200519_151053-min\"\n               class=\"ngg-simplelightbox\" rel=\"d33e2972b64153dae7d0e4d414f643ac\">\n                <img loading=\"lazy\"\n                    title=\"20200519_151053-min\"\n                    alt=\"20200519_151053-min\"\n                    src=\"https:\/\/www.ets-solbreux.be\/wp-content\/gallery\/moteur-porte-de-garage\/thumbs\/thumbs_20200519_151053-min.jpg\"\n                    width=\"240\"\n                    height=\"160\"\n                    style=\"max-width:100%;\"\n                \/>\n            <\/a>\n        <\/div>\n\t\t\t\t\t\t\t<\/div> \n\t\t\t\n\t\n\t<br style=\"clear: both\" \/>\n\n\t\n\t\t<!-- Pagination -->\n\t<div class='ngg-clear'><\/div>\t<\/div>\n\n<!-- \/wp:imagely\/nextgen-gallery -->\n\n<!-- wp:heading {\"align\":\"center\"} -->\n<h2 class=\"has-text-align-center\">Electricit\u00e9 (110 prises &#8211; Niko Intense White) et r\u00e9seau ethernet (25 prises Cat. 6) pour une nouvelle construction<br>Goulottes industrielles demand\u00e9es par le client<br>Installation de prises \u00e9lectriques, RJ45 et interrupteurs en Niko Hydro dans la zone buanderie\/garage.<br><\/h2>\n<!-- \/wp:heading -->\n\n<!-- wp:imagely\/nextgen-gallery -->\n<!-- default-view.php -->\n<div\n\tclass=\"ngg-galleryoverview default-view \"\n\tid=\"ngg-gallery-af8bcb8c862571ef0f2cb9d2a39b6009-1\">\n\n\t\t<!-- Thumbnails -->\n\t\t\t\t<div id=\"ngg-image-0\" class=\"ngg-gallery-thumbnail-box \" >\n\t\t\t\t        <div class=\"ngg-gallery-thumbnail\">\n            <a href=\"https:\/\/www.ets-solbreux.be\/wp-content\/gallery\/maison-havay-electricite\/20190607_194344.jpg\"\n               title=\"\"\n               data-src=\"https:\/\/www.ets-solbreux.be\/wp-content\/gallery\/maison-havay-electricite\/20190607_194344.jpg\"\n               data-thumbnail=\"https:\/\/www.ets-solbreux.be\/wp-content\/gallery\/maison-havay-electricite\/thumbs\/thumbs_20190607_194344.jpg\"\n               data-image-id=\"26\"\n               data-title=\"20190607_194344\"\n               data-description=\"\"\n               data-image-slug=\"20190607_194344\"\n               class=\"ngg-simplelightbox\" rel=\"af8bcb8c862571ef0f2cb9d2a39b6009\">\n                <img loading=\"lazy\"\n                    title=\"20190607_194344\"\n                    alt=\"20190607_194344\"\n                    src=\"https:\/\/www.ets-solbreux.be\/wp-content\/gallery\/maison-havay-electricite\/thumbs\/thumbs_20190607_194344.jpg\"\n                    width=\"240\"\n                    height=\"160\"\n                    style=\"max-width:100%;\"\n                \/>\n            <\/a>\n        <\/div>\n\t\t\t\t\t\t\t<\/div> \n\t\t\t\n\t\t\t\t<div id=\"ngg-image-1\" class=\"ngg-gallery-thumbnail-box \" >\n\t\t\t\t        <div class=\"ngg-gallery-thumbnail\">\n            <a href=\"https:\/\/www.ets-solbreux.be\/wp-content\/gallery\/maison-havay-electricite\/DSC02795_b-min.jpg\"\n               title=\"\"\n               data-src=\"https:\/\/www.ets-solbreux.be\/wp-content\/gallery\/maison-havay-electricite\/DSC02795_b-min.jpg\"\n               data-thumbnail=\"https:\/\/www.ets-solbreux.be\/wp-content\/gallery\/maison-havay-electricite\/thumbs\/thumbs_DSC02795_b-min.jpg\"\n               data-image-id=\"30\"\n               data-title=\"DSC02795_b-min\"\n               data-description=\"\"\n               data-image-slug=\"dsc02795_b-min\"\n               class=\"ngg-simplelightbox\" rel=\"af8bcb8c862571ef0f2cb9d2a39b6009\">\n                <img loading=\"lazy\"\n                    title=\"DSC02795_b-min\"\n                    alt=\"DSC02795_b-min\"\n                    src=\"https:\/\/www.ets-solbreux.be\/wp-content\/gallery\/maison-havay-electricite\/thumbs\/thumbs_DSC02795_b-min.jpg\"\n                    width=\"240\"\n                    height=\"160\"\n                    style=\"max-width:100%;\"\n                \/>\n            <\/a>\n        <\/div>\n\t\t\t\t\t\t\t<\/div> \n\t\t\t\n\t\t\t\t<div id=\"ngg-image-2\" class=\"ngg-gallery-thumbnail-box \" >\n\t\t\t\t        <div class=\"ngg-gallery-thumbnail\">\n            <a href=\"https:\/\/www.ets-solbreux.be\/wp-content\/gallery\/maison-havay-electricite\/DSC02784-min.jpg\"\n               title=\"\"\n               data-src=\"https:\/\/www.ets-solbreux.be\/wp-content\/gallery\/maison-havay-electricite\/DSC02784-min.jpg\"\n               data-thumbnail=\"https:\/\/www.ets-solbreux.be\/wp-content\/gallery\/maison-havay-electricite\/thumbs\/thumbs_DSC02784-min.jpg\"\n               data-image-id=\"28\"\n               data-title=\"DSC02784-min\"\n               data-description=\"\"\n               data-image-slug=\"dsc02784-min\"\n               class=\"ngg-simplelightbox\" rel=\"af8bcb8c862571ef0f2cb9d2a39b6009\">\n                <img loading=\"lazy\"\n                    title=\"DSC02784-min\"\n                    alt=\"DSC02784-min\"\n                    src=\"https:\/\/www.ets-solbreux.be\/wp-content\/gallery\/maison-havay-electricite\/thumbs\/thumbs_DSC02784-min.jpg\"\n                    width=\"240\"\n                    height=\"160\"\n                    style=\"max-width:100%;\"\n                \/>\n            <\/a>\n        <\/div>\n\t\t\t\t\t\t\t<\/div> \n\t\t\t\n\t\t\t\t<div id=\"ngg-image-3\" class=\"ngg-gallery-thumbnail-box \" >\n\t\t\t\t        <div class=\"ngg-gallery-thumbnail\">\n            <a href=\"https:\/\/www.ets-solbreux.be\/wp-content\/gallery\/maison-havay-electricite\/20191006_184804.jpg\"\n               title=\"\"\n               data-src=\"https:\/\/www.ets-solbreux.be\/wp-content\/gallery\/maison-havay-electricite\/20191006_184804.jpg\"\n               data-thumbnail=\"https:\/\/www.ets-solbreux.be\/wp-content\/gallery\/maison-havay-electricite\/thumbs\/thumbs_20191006_184804.jpg\"\n               data-image-id=\"27\"\n               data-title=\"20191006_184804\"\n               data-description=\"\"\n               data-image-slug=\"20191006_184804\"\n               class=\"ngg-simplelightbox\" rel=\"af8bcb8c862571ef0f2cb9d2a39b6009\">\n                <img loading=\"lazy\"\n                    title=\"20191006_184804\"\n                    alt=\"20191006_184804\"\n                    src=\"https:\/\/www.ets-solbreux.be\/wp-content\/gallery\/maison-havay-electricite\/thumbs\/thumbs_20191006_184804.jpg\"\n                    width=\"240\"\n                    height=\"160\"\n                    style=\"max-width:100%;\"\n                \/>\n            <\/a>\n        <\/div>\n\t\t\t\t\t\t\t<\/div> \n\t\t\t\n\t\t\t\t<div id=\"ngg-image-4\" class=\"ngg-gallery-thumbnail-box \" >\n\t\t\t\t        <div class=\"ngg-gallery-thumbnail\">\n            <a href=\"https:\/\/www.ets-solbreux.be\/wp-content\/gallery\/maison-havay-electricite\/DSC02793-min.jpg\"\n               title=\"\"\n               data-src=\"https:\/\/www.ets-solbreux.be\/wp-content\/gallery\/maison-havay-electricite\/DSC02793-min.jpg\"\n               data-thumbnail=\"https:\/\/www.ets-solbreux.be\/wp-content\/gallery\/maison-havay-electricite\/thumbs\/thumbs_DSC02793-min.jpg\"\n               data-image-id=\"29\"\n               data-title=\"DSC02793-min\"\n               data-description=\"\"\n               data-image-slug=\"dsc02793-min\"\n               class=\"ngg-simplelightbox\" rel=\"af8bcb8c862571ef0f2cb9d2a39b6009\">\n                <img loading=\"lazy\"\n                    title=\"DSC02793-min\"\n                    alt=\"DSC02793-min\"\n                    src=\"https:\/\/www.ets-solbreux.be\/wp-content\/gallery\/maison-havay-electricite\/thumbs\/thumbs_DSC02793-min.jpg\"\n                    width=\"240\"\n                    height=\"160\"\n                    style=\"max-width:100%;\"\n                \/>\n            <\/a>\n        <\/div>\n\t\t\t\t\t\t\t<\/div> \n\t\t\t\n\t\n\t<br style=\"clear: both\" \/>\n\n\t\n\t\t<!-- Pagination -->\n\t<div class='ngg-clear'><\/div>\t<\/div>\n\n<!-- \/wp:imagely\/nextgen-gallery -->\t\t\t\t\t<\/div>\n\t\t\t\t\t\t<\/div>\n\t\t\t\t<\/div>\n\t\t\t\t\t\t<\/div>\n\t\t\t\t\t<\/div>\n\t\t<\/div>\n\t\t\t\t\t\t\t\t<\/div>\n\t\t\t\t\t<\/div>\n\t\t<\/section>\n\t\t\t\t\t\t<\/div>\n\t\t\t\t\t\t<\/div>\n\t\t\t\t\t<\/div>\n\t\t","protected":false},"excerpt":{"rendered":"<p>Nous intervenons pour des travaux d&rsquo;\u00e9lectricit\u00e9. Vous pouvez visualiser plusieurs r\u00e9alisations effectu\u00e9es par nos soins. N&rsquo;h\u00e9sitez pas \u00e0 nous contacter pour vos travaux d&rsquo;\u00e9lectricit\u00e9. R\u00e9novation : Ajout de plusieurs prises \u00e9lectriques, d&rsquo;une suspension et de 6 spots encastr\u00e9s avec variateur pour le coin d\u00e9tente Dalles LED pour un magasin Installation et c\u00e2blage d&rsquo;un moteur pour [&hellip;]<\/p>\n","protected":false},"author":1,"featured_media":0,"parent":0,"menu_order":0,"comment_status":"closed","ping_status":"closed","template":"","meta":{"ngg_post_thumbnail":0},"_links":{"self":[{"href":"https:\/\/www.ets-solbreux.be\/index.php\/wp-json\/wp\/v2\/pages\/70"}],"collection":[{"href":"https:\/\/www.ets-solbreux.be\/index.php\/wp-json\/wp\/v2\/pages"}],"about":[{"href":"https:\/\/www.ets-solbreux.be\/index.php\/wp-json\/wp\/v2\/types\/page"}],"author":[{"embeddable":true,"href":"https:\/\/www.ets-solbreux.be\/index.php\/wp-json\/wp\/v2\/users\/1"}],"replies":[{"embeddable":true,"href":"https:\/\/www.ets-solbreux.be\/index.php\/wp-json\/wp\/v2\/comments?post=70"}],"version-history":[{"count":32,"href":"https:\/\/www.ets-solbreux.be\/index.php\/wp-json\/wp\/v2\/pages\/70\/revisions"}],"predecessor-version":[{"id":329,"href":"https:\/\/www.ets-solbreux.be\/index.php\/wp-json\/wp\/v2\/pages\/70\/revisions\/329"}],"wp:attachment":[{"href":"https:\/\/www.ets-solbreux.be\/index.php\/wp-json\/wp\/v2\/media?parent=70"}],"curies":[{"name":"wp","href":"https:\/\/api.w.org\/{rel}","templated":true}]}}